23 (base 9) in base 7?
30
What is -6 (base 8) in base 4?
-12
What is -1000 (base 2) in base 3?
-22
Convert -1111 (base 3) to base 15.
-2a
Convert 5a (base 12) to base 6.
154
32 (base 4) to base 13
11
Convert -3 (base 16) to base 12.
-3
What is -3 (base 13) in base 8?
-3
21 (base 3) to base 14
7
What is -10000 (base 2) in base 13?
-13
-2 (base 5) to base 4
-2
-121 (base 3) to base 4
-100
1 (base 5) to base 3
1
Convert 7 (base 11) to base 8.
7
What is 4 (base 14) in base 8?
4
What is -10 (base 2) in base 8?
-2
What is -123 (base 6) in base 16?
-33
Convert 6 (base 7) to base 2.
110
Convert -3 (base 9) to base 8.
-3
Convert -23 (base 11) to base 7.
-34
Convert -4 (base 16) to base 15.
-4
What is 10122 (base 3) in base 2?
1100010
What is 11 (base 3) in base 16?
4
What is 13 (base 12) in base 2?
1111
Convert 61 (base 14) to base 15.
5a
39 (base 11) to base 13
33
Convert -2 (base 8) to base 11.
-2
Convert 0 (base 4) to base 11.
0
What is -100110 (base 2) in base 4?
-212
21 (base 14) to base 3
1002
What is -46 (base 12) in base 8?
-66
-4 (base 11) to base 7
-4
Convert -1104 (base 5) to base 7.
-310
What is -110 (base 3) in base 14?
-c
-3 (base 5) to base 3
-10
Convert -211 (base 4) to base 2.
-100101
What is 2 (base 9) in base 7?
2
-69 (base 12) to base 7
-144
Convert 17 (base 12) to base 3.
201
0 (base 2) to base 3
0
What is -5 (base 13) in base 8?
-5
Convert -11 (base 3) to base 9.
-4
What is 333 (base 6) in base 16?
81
Convert -1001 (base 2) to base 13.
-9
What is -8 (base 11) in base 12?
-8
Convert 29 (base 10) to base 2.
11101
Convert 13 (base 6) to base 12.
9
What is 1 (base 6) in base 9?
1
Convert -112 (base 3) to base 16.
-e
Convert -100 (base 2) to base 6.
-4
Convert 16 (base 12) to base 3.
200
Convert 10222 (base 3) to base 8.
153
What is 1 (base 3) in base 8?
1
-201 (base 3) to base 4
-103
121 (base 3) to base 11
15
Convert 15 (base 14) to base 6.
31
-3d (base 15) to base 5
-213
4 (base 9) to base 13
4
-3 (base 7) to base 16
-3
What is 1c7 (base 13) in base 6?
1312
1a3 (base 12) to base 8
413
Convert 3003 (base 4) to base 10.
195
27 (base 15) to base 6
101
Convert -317 (base 8) to base 9.
-250
Convert -4 (base 15) to base 7.
-4
What is -59 (base 13) in base 2?
-1001010
What is 30 (base 4) in base 15?
c
-132 (base 16) to base 13
-1a7
What is -2 (base 13) in base 5?
-2
75 (base 11) to base 12
6a
Convert 33 (base 7) to base 6.
40
56 (base 9) to base 4
303
Convert -1300 (base 4) to base 6.
-304
9 (base 16) to base 4
21
Convert -40 (base 7) to base 12.
-24
Convert -3 (base 4) to base 6.
-3
Convert 0 (base 11) to base 6.
0
What is 1c (base 13) in base 3?
221
33 (base 13) to base 6
110
-47 (base 9) to base 15
-2d
Convert -1332 (base 4) to base 8.
-176
Convert 0 (base 9) to base 13.
0
4 (base 9) to base 10
4
-2 (base 9) to base 15
-2
What is 3 (base 12) in base 14?
3
Convert 10011101 (base 2) to base 7.
313
1 (base 9) to base 14
1
What is -14 (base 7) in base 4?
-23
What is 17a (base 12) in base 11?
1a7
-13 (base 15) to base 9
-20
Convert -11 (base 3) to base 11.
-4
What is 1 (base 7) in base 15?
1
Convert 56 (base 8) to base 15.
31
-2 (base 3) to base 8
-2
Convert -1 (base 4) to base 6.
-1
-13 (base 6) to base 3
-100
Convert 20001 (base 3) to base 10.
163
-11 (base 5) to base 13
-6
-1 (base 14) to base 12
-1
What is -121 (base 3) in base 9?
-17
Convert 6 (base 11) to base 13.
6
What is -15 (base 10) in base 4?
-33
Convert 6 (base 8) to base 9.
6
Convert 4 (base 14) to base 11.
4
What is 11 (base 9) in base 10?
10
Convert -80 (base 14) to base 4.
-1300
What is 14 (base 11) in base 10?
15
47 (base 15) to base 2
1000011
What is -2 (base 10) in base 15?
-2
What is 12 (base 3) in base 6?
5
What is 2 (base 11) in base 2?
10
0 (base 16) to base 6
0
3 (base 11) to base 6
3
What is 0 (base 7) in base 4?
0
Convert -30 (base 15) to base 9.
-50
3 (base 15) to base 10
3
101 (base 16) to base 9
315
What is -1000 (base 2) in base 3?
-22
1011 (base 2) to base 10
11
3 (base 5) to base 9
3
0 (base 4) to base 5
0
-19 (base 16) to base 12
-21
Convert -a (base 15) to base 5.
-20
Convert -121 (base 5) to base 10.
-36
-5 (base 13) to base 2
-101
-28 (base 9) to base 4
-122
What is 303 (base 7) in base 2?
10010110
-85 (base 13) to base 16
-6d
What is -25 (base 9) in base 13?
-1a
Convert 72 (base 8) to base 4.
322
0 (base 2) to base 11
0
2 (base 3) to base 2
10
What is -100101 (base 2) in base 4?
-211
12 (base 12) to base 4
32
-10 (base 3) to base 2
-11
Convert 13 (base 13) to base 12.
14
15 (base 9) to base 2
1110
Convert 0 (base 13) to base 16.
0
What is -10011010 (base 2) in base 7?
-310
124 (base 5) to base 2
100111
Convert a8 (base 11) to base 4.
1312
What is -10 (base 4) in base 10?
-4
What is -bc (base 15) in base 11?
-151
0 (base 14) to base 10
0
Convert -3 (base 16) to base 14.
-3
Convert -1122 (base 3) to base 5.
-134
11 (base 16) to base 7
23
Convert -1 (base 16) to base 7.
-1
What is -1210 (base 5) in base 3?
-20200
-3 (base 5) to base 12
-3
Convert 15 (base 8) to base 3.
111
1 (base 8) to base 11
1
Convert 21 (base 8) to base 7.
23
247 (base 12) to base 11
292
What is 0 (base 14) in base 8?
0
What is -62 (base 7) in base 10?
-44
Convert -2 (base 9) to base 13.
-2
Convert 125 (base 7) to base 6.
152
Convert 4 (base 12) to base 10.
4
Convert 220 (base 3) to base 12.
20
Convert 6 (base 12) to base 14.
6
Convert 1b8 (base 13) to base 8.
500
-9 (base 12) to base 15
-9
Convert -2 (base 15) to base 6.
-2
What is -17 (base 9) in base 6?
-24
-2a (base 14) to base 13
-2c
5 (base 6) to base 5
10
What is -b5 (base 13) in base 8?
-224
Convert 29 (base 12) to base 6.
53
Convert 1 (base 11) to base 2.
1
What is 2 (base 4) in base 7?
2
Convert 504 (base 6) to base 15.
c4
Convert 60 (base 14) to base 15.
59
Convert 2 (base 3) to base 11.
2
What is -6 (base 9) in base 6?
-10
Convert -46 (base 7) to base 13.
-28
Convert 1 (base 5) to base 3.
1
-48 (base 9) to base 7
-62
What is -1011 (base 4) in base 14?
-4d
0 (base 13) to base 12
0
Convert 2 (base 12) to base 5.
2
-1 (base 11) to base 14
-1
Convert -11001 (base 2) to base 13.
-1c
-344 (base 8) to base 12
-170
Convert -5 (base 11) to base 16.
-5
What is 3 (base 10) in base 4?
3
What is 1001011 (base 2) in base 4?
1023
-ac (base 15) to base 10
-162
What is 120 (base 4) in base 7?
33
101 (base 3) to base 7
13
-2 (base 4) to base 14
-2
Convert -1 (base 4) to base 3.
-1
What is -7 (base 8) in base 6?
-11
-101 (base 3) to base 4
-22
What is 66 (base 7) in base 6?
120
-1 (base 11) to base 16
-1
What is 50 (base 7) in base 11?
32
Convert -121 (base 4) to base 13.
-1c
Convert -22 (base 8) to base 10.
-18
Convert 2 (base 15) to base 16.
2
-20 (base 3) to base 7
-6
Convert 15 (base 11) to base 5.
31
What is 37 (base 12) in base 15?
2d
5 (base 15) to base 5
10
What is -111010 (base 2) in base 12?
-4a
What is 211 (base 3) in base 11?
20
9 (base 14) to base 13
9
Convert 59 (base 11) to base 9.
71
75 (base 11) to base 5
312
Convert 112 (base 4) to base 14.
18
Convert 142 (base 7) to base 5.
304
What is -9 (base 11) in base 6?
-13
What is -2 (base 12) in base 4?
-2
7 (base 8) to base 2
111
Convert -5 (base 14) to base 3.
-12
What is 10212 (base 3) in base 5?
404
What is -b3 (base 12) in base 14?
-99
What is -12 (base 7) in base 11?
-9
Convert 0 (base 11) to base 7.
0
What is 1 (base 5) in base 9?
1
0 (base 7) to base 2
0
What is -4 (base 13) in base 11?
-4
-10011 (base 2) to base 5
-34
What is 44 (base 9) in base 7?
55
-21 (base 10) to base 6
-33
Convert -10 (base 12) to base 10.
-12
Convert 1220 (base 3) to base 5.
201
Convert a (base 13) to base 12.
a
Convert -4 (base 7) to base 8.
-4
What is 8 (base 12) in base 7?
11
132 (base 8) to base 16
5a
What is -3b (base 15) in base 13?
-44
What is 1203 (base 5) in base 6?
454
Convert 0 (base 12) to base 10.
0
-c4 (base 13) to base 14
-b6
-101 (base 15) to base 10
-226
Convert -10 (base 11) to base 2.
-1011
10 (base 4) to base 3
11
What is 1 (base 8) in base 7?
1
Convert 3 (base 14) to base 5.
3
What is -4 (base 5) in base 8?
-4
87 (base 14) to base 2
1110111
Convert -212 (base 3) to base 14.
-19
What is 2 (base 14) in base 9?
2
42 (base 7) to base 10
30
What is a (base 12) in base 13?
a
What is 11 (base 15) in base 10?
16
What is 1 (base 15) in base 3?
1
What is 11011 (base 2) in base 11?
25
C